
True
Is 55391671417 prime?
True
Is 71064797939 composite?
True
Is 74140417019 composite?
False
Is 47944128413 composite?
True
Is 19493933047 a prime number?
False
Is 235544839 a prime number?
True
Is 6055997237 composite?
True
Is 3803618513 composite?
False
Is 2826728351 a composite number?
True
Is 1573646717 prime?
False
Is 4435866563 a prime number?
True
Is 3014406553 prime?
False
Is 1082501153 composite?
False
Is 2207753173 a prime number?
False
Is 242777867081 a composite number?
True
Is 36975277726 a composite number?
True
Is 82955183 a prime number?
False
Is 292576891 composite?
False
Is 8824251781 a composite number?
False
Is 6130008317 a composite number?
True
Is 110311309 composite?
False
Is 177217720313 a composite number?
False
Is 2834283589 composite?
True
Is 2206574269 a composite number?
False
Is 291509035 a prime number?
False
Is 673040639 a prime number?
False
Is 716379221 a composite number?
False
Is 32265640831 a prime number?
True
Is 16454869019 composite?
True
Is 4057019207 a composite number?
True
Is 743436803 a composite number?
False
Is 2710334983 composite?
True
Is 2384412559 composite?
True
Is 4106917429 composite?
False
Is 263086111 a prime number?
True
Is 34608939509 prime?
False
Is 7677379613 a prime number?
True
Is 105821893 composite?
True
Is 283732157 prime?
False
Is 2804767307 a prime number?
True
Is 49235429363 a composite number?
False
Is 6462369149 composite?
False
Is 1098059461 a prime number?
False
Is 3458197387 composite?
False
Is 1726072277 a composite number?
False
Is 12265149803 a composite number?
True
Is 48101448089 prime?
True
Is 20341159 prime?
False
Is 10050612193 a composite number?
True
Is 483411979 composite?
False
Is 26163266131 a composite number?
True
Is 2967658147 a composite number?
True
Is 45439475839 a prime number?
True
Is 173747455165 composite?
True
Is 89635132373 composite?
True
Is 126439394437 a prime number?
True
Is 8864791657 prime?
False
Is 5012953147 a composite number?
True
Is 284633501 composite?
False
Is 1076427067 a composite number?
False
Is 38321908211 composite?
False
Is 150249751 prime?
False
Is 20952142037 a prime number?
True
Is 3857397617 composite?
False
Is 258370061 prime?
True
Is 555759667 a composite number?
False
Is 964391881 a prime number?
True
Is 2849855209 composite?
True
Is 2278564031 composite?
False
Is 252978611 a composite number?
False
Is 2230571341 prime?
True
Is 400869577 a prime number?
True
Is 6267468601 a composite number?
False
Is 349428091 prime?
False
Is 156980113 a prime number?
False
Is 259727263 a composite number?
True
Is 8234700739 prime?
False
Is 15314956217 prime?
False
Is 1844411 a composite number?
False
Is 511832911 a composite number?
False
Is 33134509873 prime?
False
Is 1198756501 a prime number?
True
Is 14957323259 composite?
False
Is 8330665327 prime?
True
Is 3159758741 prime?
False
Is 111324634391 composite?
False
Is 11245084427 prime?
False
Is 40907831 prime?
False
Is 2559581551 a composite number?
False
Is 2215737607 composite?
False
Is 221701321 a prime number?
True
Is 714682167 a prime number?
False
Is 5271820591 prime?
True
Is 860314673 a prime number?
False
Is 5865933439 prime?
True
Is 39569801 prime?
True
Is 1306831717 prime?
False
Is 769196689 a composite number?
True
Is 22035700541 prime?
True
Is 18494981 prime?
True
Is 303598487 prime?
True
Is 598345361 a composite number?
False
Is 16439469301 composite?
False
Is 8730253915 composite?
True
Is 18791985379 a prime number?
True
Is 3528955299 composite?
True
Is 178445809921 prime?
True
Is 658778411 prime?
False
Is 184736934251 a composite number?
False
Is 1223219257 a prime number?
False
Is 85019105597 a prime number?
True
Is 2864332661 a prime number?
False
Is 9848824913 prime?
False
Is 338496487 composite?
True
Is 3361639439 composite?
False
Is 64444829665 composite?
True
Is 33887952743 composite?
False
Is 9425501711 composite?
False
Is 7537106063 a composite number?
True
Is 134608421 composite?
False
Is 31415617679 a composite number?
False
Is 55359176709 prime?
False
Is 2210665877 composite?
True
Is 395536729 prime?
False
Is 2388361267 a prime number?
True
Is 75568939 a prime number?
True
Is 4295146561 a composite number?
False
Is 5223765241 composite?
False
Is 352008199 a composite number?
True
Is 20383669 a composite number?
False
Is 119342919 a composite number?
True
Is 16929644507 a prime number?
False
Is 2667519443 a composite number?
True
Is 2210016467 a prime number?
True
Is 659891659 a composite number?
True
Is 2064980597 prime?
True
Is 5700544741 prime?
False
Is 886895227 a composite number?
False
Is 2883164981 a prime number?
True
Is 8798661973 a composite number?
True
Is 6980120011 composite?
False
Is 8794224349 composite?
True
Is 27333969347 composite?
False
Is 23128968277 a composite number?
True
Is 20255216197 a composite number?
False
Is 49065647 prime?
False
Is 7717257619 composite?
False
Is 10446718349 composite?
False
Is 2792718823 a composite number?
False
Is 42463707953 a composite number?
False
Is 863323199 a composite number?
False
Is 15765494477 a composite number?
True
Is 33682899703 composite?
False
Is 5347283339 a composite number?
True
Is 2130660017 a composite number?
False
Is 6121400749 a prime number?
False
Is 3325953481 a composite number?
True
Is 1198527559 composite?
False
Is 421411097 a prime number?
False
Is 16735686649 composite?
True
Is 585313309 a prime number?
False
Is 1537021573 a composite number?
True
Is 7441016267 a prime number?
False
Is 1145560727 prime?
False
Is 22407802477 a composite number?
False
Is 27963530557 composite?
False
Is 13846145993 composite?
True
Is 2297741927 a prime number?
False
Is 3961362023 prime?
True
Is 13094443943 composite?
True
Is 69723726619 prime?
True
Is 7348113823 prime?
False
Is 164114697811 a prime number?
False
Is 1433044321 a composite number?
False
Is 5418153473 prime?
True
Is 1008024931 a prime number?
True
Is 169330085 a composite number?
True
Is 5094039889 composite?
False
Is 264861673 composite?
False
Is 27796822147 prime?
False
Is 100920101 a prime number?
False
Is 27934422499 composite?
False
Is 24654269 composite?
True
Is 1199468353 prime?
False
Is 315043301 prime?
False
Is 142761565 composite?
True
Is 444048127 a prime number?
True
Is 1150358569 prime?
True
Is 23239627727 a composite number?
True
Is 876168949 prime?
False
Is 49211299 prime?
False
Is 762774257 prime?
False
Is 5889000319 a prime number?
True
Is 35688059349 a composite number?
True
Is 205028461357 prime?
False
Is 712201253 prime?
False
Is 2454125017 a composite number?
True
Is 12296774107 a prime number?
False
Is 6612796489 prime?
False
Is 55257016343 prime?
True
Is 15881016127 a composite number?
True
Is 3509201165 composite?
True
Is 22643489735 a prime number?
False
Is 33237212857 a composite number?
False
Is 5879900087 prime?
True
Is 5247258641 a prime number?
False
Is 199470823 composite?
False
Is 732955877 composite?
False
Is 323053039 prime?
True
Is 267461249 composite?
True
Is 159268349 a composite number?
True
Is 1057637981 composite?
False
Is 58773307 prime?
True
Is 306988597 a composite number?
True
Is 167658880477 composite?
True
Is 1361151613 a composite number?
False
Is 229369633 composite?
False
Is 10621554247 prime?
True
Is 2119379917 a prime number?
True
Is 1817138473 prime?
False
Is 8178560629 a composite number?
False
Is 911267299 prime?
False
Is 978646459 prime?
False
Is 25056543147 a composite number?
True
Is 66267371 a prime number?
True
Is 230161381 prime?
True
Is 1539392563 composite?
False
Is 650716467 a prime number?
False
Is 949339327 a prime number?
True
Is 1747941539 a prime number?
True
Is 2430688837 a composite number?
True
Is 1512016153 composite?
True
Is 1660325107 prime?
False
Is 949675963 composite?
True
Is 36767111 composite?
False
Is 1700908117 composite?
False
Is 5375202311 prime?
True
Is 101983488599 a composite number?
False
Is 1042478933 a composite number?
True
Is 162771445 a composite number?
True
Is 100565635 a composite number?
True
Is 99427817299 prime?
False
Is 457733849 a composite number?
False
Is 8398754083 a composite number?
True
Is 5010055751 composite?
False
Is 8528111159 composite?
True
Is 58383833 a prime number?
True
Is 9270687133 a composite number?
False
Is 58